{"id":6112,"date":"2023-07-07T19:08:20","date_gmt":"2023-07-08T01:08:20","guid":{"rendered":"http:\/\/web.roque.cetech.com.mx\/?page_id=6112"},"modified":"2026-02-26T20:05:28","modified_gmt":"2026-02-27T02:05:28","slug":"6112-2","status":"publish","type":"page","link":"https:\/\/roque.tecnm.mx\/?page_id=6112","title":{"rendered":"ITR_Historia"},"content":{"rendered":"<p>[et_pb_section fb_built=\u00bb1&#8243; _builder_version=\u00bb4.21.0&#8243; _module_preset=\u00bbdefault\u00bb top_divider_style=\u00bbarrow3&#8243; top_divider_color=\u00bb#d3af6f\u00bb top_divider_height=\u00bb30px\u00bb bottom_divider_style=\u00bbasymmetric4&#8243; bottom_divider_color=\u00bb#1b396a\u00bb global_colors_info=\u00bb{}\u00bb][et_pb_row _builder_version=\u00bb4.27.0&#8243; _module_preset=\u00bbdefault\u00bb global_colors_info=\u00bb{}\u00bb][et_pb_column type=\u00bb4_4&#8243; _builder_version=\u00bb4.27.0&#8243; _module_preset=\u00bbdefault\u00bb global_colors_info=\u00bb{}\u00bb][et_pb_code _builder_version=\u00bb4.27.0&#8243; _module_preset=\u00bbdefault\u00bb hover_enabled=\u00bb0&#8243; global_colors_info=\u00bb{}\u00bb sticky_enabled=\u00bb0&#8243;]<\/p>\n<style><!-- [et_pb_line_break_holder] -->    .header-carrera-premium {<!-- [et_pb_line_break_holder] -->        width: 95%;<!-- [et_pb_line_break_holder] -->        margin: 20px auto;<!-- [et_pb_line_break_holder] -->        \/* --- AJUSTES DE ALTURA --- *\/<!-- [et_pb_line_break_holder] -->        min-height: 100px; \/* Reducido de 200px a 100px *\/<!-- [et_pb_line_break_holder] -->        padding: 30px 0;   \/* Reducido de 60px a 30px *\/<!-- [et_pb_line_break_holder] -->        \/* ------------------------- *\/<!-- [et_pb_line_break_holder] -->        text-align: center;<!-- [et_pb_line_break_holder] -->        position: relative;<!-- [et_pb_line_break_holder] -->        overflow: hidden;<!-- [et_pb_line_break_holder] -->        display: flex;<!-- [et_pb_line_break_holder] -->        align-items: center;<!-- [et_pb_line_break_holder] -->        justify-content: center;<!-- [et_pb_line_break_holder] -->        border-radius: 30px; \/* Un poco menos de redondeado para menor altura *\/<!-- [et_pb_line_break_holder] -->        box-shadow: 0 10px 25px rgba(121, 45, 46, 0.2);<!-- [et_pb_line_break_holder] --><!-- [et_pb_line_break_holder] -->        background: linear-gradient(180deg, #792d2e 50%, #8b3435 50%);<!-- [et_pb_line_break_holder] -->        background-image: <!-- [et_pb_line_break_holder] -->            radial-gradient(rgba(255, 255, 255, 0.05) 1px, transparent 1px),<!-- [et_pb_line_break_holder] -->            linear-gradient(180deg, #792d2e 50%, #8b3435 50%);<!-- [et_pb_line_break_holder] -->        background-size: 20px 20px, 100% 100%;<!-- [et_pb_line_break_holder] -->    }<!-- [et_pb_line_break_holder] --><!-- [et_pb_line_break_holder] -->    .header-carrera-premium::before {<!-- [et_pb_line_break_holder] -->        content: \"\";<!-- [et_pb_line_break_holder] -->        position: absolute;<!-- [et_pb_line_break_holder] -->        top: 0;<!-- [et_pb_line_break_holder] -->        left: 0;<!-- [et_pb_line_break_holder] -->        right: 0;<!-- [et_pb_line_break_holder] -->        height: 50%;<!-- [et_pb_line_break_holder] -->        background: linear-gradient(rgba(255,255,255,0.05), transparent);<!-- [et_pb_line_break_holder] -->        pointer-events: none;<!-- [et_pb_line_break_holder] -->    }<!-- [et_pb_line_break_holder] --><!-- [et_pb_line_break_holder] -->    .nombre-carrera-final {<!-- [et_pb_line_break_holder] -->        color: #ffffff;<!-- [et_pb_line_break_holder] -->        font-family: 'Montserrat', sans-serif;<!-- [et_pb_line_break_holder] -->        font-size: 36px; \/* Tama\u00f1o fijo m\u00e1s est\u00e9tico para t\u00edtulos cortos *\/<!-- [et_pb_line_break_holder] -->        font-weight: 800;<!-- [et_pb_line_break_holder] -->        letter-spacing: 2px;<!-- [et_pb_line_break_holder] -->        text-shadow: 0 4px 8px rgba(0,0,0,0.3);<!-- [et_pb_line_break_holder] -->        z-index: 5;<!-- [et_pb_line_break_holder] -->        padding: 0 20px;<!-- [et_pb_line_break_holder] -->        line-height: 1em !important;<!-- [et_pb_line_break_holder] -->    }<!-- [et_pb_line_break_holder] --><\/style>\n<p><!-- [et_pb_line_break_holder] --><!-- [et_pb_line_break_holder] --><\/p>\n<div class=\"header-carrera-premium\"><!-- [et_pb_line_break_holder] -->    <\/p>\n<div class=\"nombre-carrera-final\">Nuestra Casa de Estudios<\/div>\n<p><!-- [et_pb_line_break_holder] --><\/div>\n<p>[\/et_pb_code][\/et_pb_column][\/et_pb_row][et_pb_row _builder_version=\u00bb4.21.0&#8243; _module_preset=\u00bbdefault\u00bb global_colors_info=\u00bb{}\u00bb][et_pb_column type=\u00bb4_4&#8243; _builder_version=\u00bb4.21.0&#8243; _module_preset=\u00bbdefault\u00bb global_colors_info=\u00bb{}\u00bb][et_pb_divider color=\u00bb#d3af6f\u00bb divider_weight=\u00bb10px\u00bb _builder_version=\u00bb4.21.0&#8243; _module_preset=\u00bbdefault\u00bb global_colors_info=\u00bb{}\u00bb][\/et_pb_divider][\/et_pb_column][\/et_pb_row][et_pb_row _builder_version=\u00bb4.27.0&#8243; _module_preset=\u00bbdefault\u00bb global_colors_info=\u00bb{}\u00bb][et_pb_column type=\u00bb4_4&#8243; _builder_version=\u00bb4.21.0&#8243; _module_preset=\u00bbdefault\u00bb global_colors_info=\u00bb{}\u00bb][et_pb_text _builder_version=\u00bb4.27.0&#8243; _module_preset=\u00bbdefault\u00bb text_font_size=\u00bb24px\u00bb min_height=\u00bb2010.4px\u00bb global_colors_info=\u00bb{}\u00bb]<\/p>\n<h2 style=\"border-bottom: 2px solid #ccc; padding-bottom: 10px; padding-left: 20px;\"><span style=\"color: #792d2e;\"><strong>Historia del Instituto Tecnol\u00f3gico de Roque<\/strong><\/span><\/h2>\n<div style=\"padding-left: 60px; padding-right: 40px; margin-top: 20px; margin-bottom: 40px;\">\n<div style=\"margin-bottom: 20px; text-align: center;\"><img loading=\"lazy\" decoding=\"async\" src=\"https:\/\/roque.tecnm.mx\/wp-content\/uploads\/2025\/01\/04-historiaRoque-300x196.jpg\" width=\"300\" height=\"196\" alt=\"\" style=\"display: block; margin: 0 auto;\" \/><\/div>\n<div style=\"text-align: justify; color: #444; font-size: 16px; line-height: 1.6;\">\n<p>La Escuela se denomina Instituto Tecnol\u00f3gico de Roque a partir de 2005. Se encuentra ubicada a seis kil\u00f3metros de la Ciudad de Celaya, Gto., carretera Celaya &#8211; Juventino Rosas. Desde su fundaci\u00f3n, en el a\u00f1o de 1926, se le conoce como \u00abLa Escuela de Roque\u00bb. \u00c9sta, desde 1971 estuvo incorporada a la Direcci\u00f3n General de Educaci\u00f3n Tecnol\u00f3gica Agropecuaria (DGETA).<\/p>\n<p>Desde el 2005 con la Reforma Educativa de Educaci\u00f3n Superior, se incorpora a una sola Direcci\u00f3n General Nacional para todos los Institutos Tecnol\u00f3gicos, la Direcci\u00f3n General de Educaci\u00f3n Superior Tecnol\u00f3gica (DGEST).<\/p>\n<p>Hacienda de Roque. La Escuela ha pasado por ocho denominaciones, ha cambiado sus nombres, los cuales han obedecido en lo fundamental a la transformaci\u00f3n del conocimiento, es decir, a los cambios de los contenidos a ense\u00f1ar la escuela, que se encuentran en los planes y programas de estudio. Dicho en otros t\u00e9rminos, las carreras de la Escuela de Roque han evolucionado por los niveles educativos al mismo tiempo del recorrido de avance que se ha dado en la Ciencia y la Tecnolog\u00eda.<\/p>\n<p>Se inicia (1926) con los estudios de la primaria y actualmente continua con Maestr\u00eda como postgrado. Esta l\u00ednea anterior de analizar a la Instituci\u00f3n por sus cambios curriculares, la combinamos, para hacer la presentation de esta rese\u00f1a, con un enfoque de Historia social, la cual se puede agrupar en dos grandes series, a manera del m\u00e9todo Foucaultoniano de recorte, l\u00edmite y transformaciones que fundan las renovaciones. La primera de estas series comienza con la misma escuela en 1926 y se prolonga hasta mediados de la d\u00e9cada de los a\u00f1os ochenta, la terminaci\u00f3n de esta primera serie se caracteriza por el cambio de la pol\u00edtica asistencialista a la educaci\u00f3n por parte del Gobierno Federal, que clausura la beca para el internado, al mismo tiempo que deja atr\u00e1s las Carreras de T\u00e9cnico y de Formaci\u00f3n para el Magisterio, a\u00fan cuando la escuela se resiste a dejar su vocaci\u00f3n para la docencia.<\/p>\n<p>La segunda serie es la que hoy est\u00e1 viviendo la escuela, comienza a finales de la misma d\u00e9cada, hasta el 2005. Esta serie, se distingue, justamente por la reorientaci\u00f3n de las carreras para el trabajo en la empresa privada, por ser una educaci\u00f3n m\u00e1s competitiva individualmente, que responda a las tendencias internacionales, relativas a los planes de estudios.<\/p>\n<\/div>\n<div style=\"margin-top: 40px; text-align: center;\">\n<p><img loading=\"lazy\" decoding=\"async\" src=\"https:\/\/roque.tecnm.mx\/wp-content\/uploads\/2025\/01\/09-historia-300x205.jpg\" width=\"300\" height=\"205\" alt=\"\" style=\"display: block; margin: 0 auto;\" \/><\/p>\n<p>&nbsp;<\/p>\n<h2 style=\"color: #792d2e; margin-top: 20px;\">Primera Serie<\/h2>\n<\/div>\n<div style=\"text-align: justify; color: #444; font-size: 16px; line-height: 1.6;\">La Escuela tiene un reconocimiento como Instituci\u00f3n de car\u00e1cter nacional y tambi\u00e9n de una larga tradici\u00f3n formadora de t\u00e9cnicos y profesores para el Sistema de Educaci\u00f3n Rural y Agropecuaria. Ambos profesionistas egresan de las siete escuelas que son consideradas en esta primera serie, por las que ha pasado Roque: Central Agr\u00edcola, Regional Campesina , Pr\u00e1ctica de Agricultura, Normal Rural , Normal de Especialidades, Escuela Nacional de Maestros para la Capacitaci\u00f3n del Trabajo Agropecuaria (ENaMaCTA), y del Instituto Superior de Educaci\u00f3n Tecnol\u00f3gica Agropecuaria (ISETA), en diversas fechas, indistintamente, pero tambi\u00e9n con diferentes t\u00edtulos de los estudios, desde los primeros Pr\u00e1cticas Agr\u00edcolas , al t\u00e9rmino de los a\u00f1os 20&#8217;s del siglo pasado, hasta los profesores Licenciados en Pedagog\u00eda con Especialidades Agropecuarias, que le corresponden a las tres \u00faltimas generaciones del ISETA (1981- 1984), as\u00ed como a tres m\u00e1s de \u00e9stas, que se prolongan hasta 1987, tambi\u00e9n de Licenciatura en Pedagog\u00eda, reconocida oficialmente por la ENaMaCTA, en el Programa de Cursos de Verano.<\/p>\n<div style=\"margin-top: 40px; text-align: center;\">\n<p><img loading=\"lazy\" decoding=\"async\" src=\"https:\/\/roque.tecnm.mx\/wp-content\/uploads\/2025\/01\/08-historia.jpg\" width=\"259\" height=\"195\" alt=\"\" style=\"display: block; margin: 0 auto;\" \/><\/p>\n<p>&nbsp;<\/p>\n<h2 style=\"color: #792d2e; margin-top: 20px;\">Segunda Serie<\/h2>\n<\/div>\n<div style=\"text-align: justify; color: #444; font-size: 16px; line-height: 1.6; margin-top: 20px;\">\n<p>A la segunda continuidad que orienta la historia de Roque, le corresponde una parte al ISETA y en lo esencial al Instituto Tecnol\u00f3gico Agropecuario No. 33, viene de unos quince a\u00f1os a la fecha (1988 &#8211; 2004), y se caracteriza, ya dec\u00edamos, por el contenido de la Reforma de la Educaci\u00f3n Superior Tecnol\u00f3gica (1992 &#8211; 93), sobre todo en lo que corresponde al dise\u00f1o curricular de la Carrera de Ingeniero Agr\u00f3nomo con un prop\u00f3sito de competitividad de los futuros profesionistas, como producto de la apertura del Tratado de Libre Comercio entre Estados Unidos, Canad\u00e1 y M\u00e9xico.<\/p>\n<p>El ISETA y el ITA en su corta vida han egresado a 20 generaciones de alumnos en los programas de Postgrado, las primeras tres en Ciencias del Desarrollo Rural (1986 &#8211; 1991), nueve como especialistas en Docencia de Educaci\u00f3n Tecnol\u00f3gica Agropecuaria (1991 &#8211; 1999) y las ocho restantes en Ciencias en Semillas (1992- 2004).<\/p>\n<p>&nbsp;<\/p>\n<p>Corresponden a la Carrera de Ingeniero Agr\u00f3nomo en Sistemas de Producci\u00f3n Agroindustrial cinco, (1988 &#8211; 1996); otras generaciones de Ingenieros Agr\u00f3nomos (1993 &#8211; hasta la fecha); igualmente, el mismo n\u00famero de Licenciados en Administraci\u00f3n (1993 -hasta la fecha) y otras de Licenciatura en Inform\u00e1tica (1995 &#8211; hasta la fecha).<\/p>\n<p>&nbsp;<\/p>\n<p>Los tres a\u00f1os que van de 1985 a 1887 la escuela no egres\u00f3 alumnos del Sistema Escolarizado. El proyecto educativo del ISETA vino de fuera y se convirti\u00f3 en el Centro de Operaciones del Programa de Educaci\u00f3n No Formal, que capacit\u00f3 brigadistas para el Desarrollo Rural, en tanto que en 1984 la mayor parte del personal docente que ya exist\u00eda en el ISETA fue reubicado en diferentes Unidades Educativas del mismo Sistema.<\/p>\n<\/div>\n<\/div>\n<p>[\/et_pb_text][\/et_pb_column][\/et_pb_row][\/et_pb_section]<\/p>\n","protected":false},"excerpt":{"rendered":"<p>Historia del Instituto Tecnol\u00f3gico de Roque La Escuela se denomina Instituto Tecnol\u00f3gico de Roque a partir de 2005. Se encuentra ubicada a seis kil\u00f3metros de la Ciudad de Celaya, Gto., carretera Celaya &#8211; Juventino Rosas. Desde su fundaci\u00f3n, en el a\u00f1o de 1926, se le conoce como \u00abLa Escuela de Roque\u00bb. \u00c9sta, desde 1971 estuvo [&hellip;]<\/p>\n","protected":false},"author":21,"featured_media":0,"parent":0,"menu_order":0,"comment_status":"closed","ping_status":"closed","template":"","meta":{"_et_pb_use_builder":"on","_et_pb_old_content":"","_et_gb_content_width":"","footnotes":""},"class_list":["post-6112","page","type-page","status-publish","hentry"],"_links":{"self":[{"href":"https:\/\/roque.tecnm.mx\/index.php?rest_route=\/wp\/v2\/pages\/6112"}],"collection":[{"href":"https:\/\/roque.tecnm.mx\/index.php?rest_route=\/wp\/v2\/pages"}],"about":[{"href":"https:\/\/roque.tecnm.mx\/index.php?rest_route=\/wp\/v2\/types\/page"}],"author":[{"embeddable":true,"href":"https:\/\/roque.tecnm.mx\/index.php?rest_route=\/wp\/v2\/users\/21"}],"replies":[{"embeddable":true,"href":"https:\/\/roque.tecnm.mx\/index.php?rest_route=%2Fwp%2Fv2%2Fcomments&post=6112"}],"version-history":[{"count":15,"href":"https:\/\/roque.tecnm.mx\/index.php?rest_route=\/wp\/v2\/pages\/6112\/revisions"}],"predecessor-version":[{"id":10897,"href":"https:\/\/roque.tecnm.mx\/index.php?rest_route=\/wp\/v2\/pages\/6112\/revisions\/10897"}],"wp:attachment":[{"href":"https:\/\/roque.tecnm.mx\/index.php?rest_route=%2Fwp%2Fv2%2Fmedia&parent=6112"}],"curies":[{"name":"wp","href":"https:\/\/api.w.org\/{rel}","templated":true}]}}