{"id":6497,"date":"2023-09-01T18:18:07","date_gmt":"2023-09-02T00:18:07","guid":{"rendered":"http:\/\/roque.tecnm.mx\/?page_id=6497"},"modified":"2026-02-24T16:45:22","modified_gmt":"2026-02-24T22:45:22","slug":"itr_dep","status":"publish","type":"page","link":"https:\/\/roque.tecnm.mx\/?page_id=6497","title":{"rendered":"ITR_DEP"},"content":{"rendered":"<p>[et_pb_section fb_built=\u00bb1&#8243; _builder_version=\u00bb4.21.0&#8243; _module_preset=\u00bbdefault\u00bb background_enable_color=\u00bboff\u00bb background_image=\u00bbhttp:\/\/web.roque.cetech.com.mx\/wp-content\/uploads\/2023\/03\/Diseno-sin-titulo-20.png\u00bb background_blend=\u00bbsoft-light\u00bb custom_padding=\u00bb||80px|||\u00bb top_divider_style=\u00bbmountains2&#8243; top_divider_color=\u00bb#d3af6f\u00bb top_divider_height=\u00bb40px\u00bb bottom_divider_style=\u00bbasymmetric4&#8243; bottom_divider_color=\u00bb#1b396a\u00bb global_colors_info=\u00bb{}\u00bb][et_pb_row column_structure=\u00bb3_4,1_4&#8243; disabled_on=\u00bboff|off|off\u00bb _builder_version=\u00bb4.21.0&#8243; _module_preset=\u00bbdefault\u00bb custom_margin=\u00bb|auto|9px|auto||\u00bb custom_padding=\u00bb40px||0px|||\u00bb locked=\u00bboff\u00bb global_colors_info=\u00bb{}\u00bb][et_pb_column type=\u00bb3_4&#8243; _builder_version=\u00bb4.16&#8243; _module_preset=\u00bbdefault\u00bb global_colors_info=\u00bb{}\u00bb][et_pb_text _builder_version=\u00bb4.21.0&#8243; _module_preset=\u00bbdefault\u00bb text_font=\u00bbMontserrat|900|||||||\u00bb text_text_color=\u00bb#792d2e\u00bb text_font_size=\u00bb3rem\u00bb text_letter_spacing=\u00bb0rem\u00bb text_line_height=\u00bb3rem\u00bb header_line_height=\u00bb1.8rem\u00bb width=\u00bb100%\u00bb module_alignment=\u00bbleft\u00bb overflow-x=\u00bbauto\u00bb custom_margin=\u00bb0px|0px|0px||true|false\u00bb custom_padding=\u00bb10px||10px||true|false\u00bb hover_enabled=\u00bb0&#8243; global_colors_info=\u00bb{}\u00bb sticky_enabled=\u00bb0&#8243;]<\/p>\n<p>DIVISI\u00d3N DE ESTUDIOS PROFESIONALES<\/p>\n<p>[\/et_pb_text][\/et_pb_column][et_pb_column type=\u00bb1_4&#8243; _builder_version=\u00bb4.16&#8243; _module_preset=\u00bbdefault\u00bb global_colors_info=\u00bb{}\u00bb][et_pb_divider color=\u00bb#1b396a\u00bb divider_style=\u00bbdotted\u00bb divider_position=\u00bbcenter\u00bb divider_weight=\u00bb5px\u00bb _builder_version=\u00bb4.21.0&#8243; _module_preset=\u00bbdefault\u00bb overflow-x=\u00bbhidden\u00bb custom_margin=\u00bb|||0px|false|false\u00bb custom_padding=\u00bb5px||23px|160px|false|false\u00bb global_colors_info=\u00bb{}\u00bb][\/et_pb_divider][\/et_pb_column][\/et_pb_row][et_pb_row _builder_version=\u00bb4.16&#8243; _module_preset=\u00bbdefault\u00bb custom_padding=\u00bb18px||0px|||\u00bb locked=\u00bboff\u00bb global_colors_info=\u00bb{}\u00bb][et_pb_column type=\u00bb4_4&#8243; _builder_version=\u00bb4.16&#8243; _module_preset=\u00bbdefault\u00bb global_colors_info=\u00bb{}\u00bb][et_pb_divider color=\u00bb#d3af6f\u00bb divider_weight=\u00bb6px\u00bb _builder_version=\u00bb4.21.0&#8243; _module_preset=\u00bbdefault\u00bb min_height=\u00bb34px\u00bb global_colors_info=\u00bb{}\u00bb][\/et_pb_divider][\/et_pb_column][\/et_pb_row][et_pb_row _builder_version=\u00bb4.21.0&#8243; _module_preset=\u00bbdefault\u00bb global_colors_info=\u00bb{}\u00bb][et_pb_column type=\u00bb4_4&#8243; _builder_version=\u00bb4.21.0&#8243; _module_preset=\u00bbdefault\u00bb global_colors_info=\u00bb{}\u00bb][et_pb_text _builder_version=\u00bb4.27.0&#8243; _module_preset=\u00bbdefault\u00bb text_font_size=\u00bb1.5rem\u00bb header_text_color=\u00bb#E09900&#8243; header_font_size=\u00bb2.5rem\u00bb text_orientation=\u00bbjustified\u00bb hover_enabled=\u00bb0&#8243; global_colors_info=\u00bb{}\u00bb sticky_enabled=\u00bb0&#8243;]<\/p>\n<h2 style=\"border-bottom: 2px solid #ccc; padding-bottom: 10px; padding-left: 20px;\"><span style=\"color: #792d2e;\"><strong>\ud83d\udcc4 Tr\u00e1mites y Formatos Acad\u00e9micos<\/strong><\/span><\/h2>\n<div style=\"padding-left: 60px; margin-top: 20px; margin-bottom: 40px;\">\n<p style=\"margin-bottom: 15px;\"><a href=\"https:\/\/roque.tecnm.mx\/wp-content\/uploads\/2025\/05\/Solicitud-Comite-Academico-2025.docx\" target=\"_blank\" style=\"color: #004d99; font-weight: bold; text-decoration: underline;\" rel=\"noopener\"><br \/>Solicitud del Estudiante para el an\u00e1lisis del Comit\u00e9 Acad\u00e9mico 2025<br \/><\/a><\/p>\n<p><small style=\"color: #666666;\">(Periodo de recepci\u00f3n: 06 de mayo al 06 de junio de 2025)<\/small><\/p>\n<div style=\"background-color: #f9f9f9; border-left: 5px solid #792d2e; padding: 15px; margin-bottom: 25px; margin-left: 20px;\">\n<p style=\"margin-bottom: 10px;\"><span style=\"color: #792d2e;\">\u2794<\/span><br \/><a href=\"https:\/\/roque.tecnm.mx\/wp-content\/uploads\/2023\/09\/formatoBaja.docx\" style=\"color: #004d99; font-weight: bold;\">Formato de Bajas<\/a><\/p>\n<ul style=\"color: #666666; font-size: 15px; line-height: 1.5;\">\n<li><strong>Baja Parcial:<\/strong> 10 d\u00edas h\u00e1biles a partir del inicio oficial de cursos (respeta carga m\u00ednima).<\/li>\n<li><strong>Baja Temporal:<\/strong> 20 d\u00edas h\u00e1biles a partir del inicio oficial de cursos (totalidad de materias).<\/li>\n<\/ul>\n<\/div>\n<p style=\"color: #666666; line-height: 1.8;\"><span style=\"color: #792d2e;\">\u25cf<\/span> <strong>Traslados:<\/strong><br \/><a href=\"https:\/\/roque.tecnm.mx\/wp-content\/uploads\/2025\/03\/SOLICITUD-DE-TRASLADO.docx\" style=\"color: #004d99;\">ANEXO II. SOLICITUD DE TRASLADO<\/a> |<br \/><a href=\"https:\/\/roque.tecnm.mx\/wp-content\/uploads\/2025\/03\/LINEAMIENTO-DE-TRASLADO-ESTUDIANTIL-1.pdf\" style=\"color: #666666;\">Ver Lineamiento<\/a><\/p>\n<p><span style=\"color: #792d2e;\">\u25cf<\/span> <strong>Convalidaci\u00f3n:<\/strong><\/p>\n<p><a href=\"https:\/\/roque.tecnm.mx\/wp-content\/uploads\/2025\/03\/FORMATO-DE-SOLICITUD-DE-CONVALIDACION-DE-ESTUDIOS.docx\" style=\"color: #004d99;\">ANEXO V. FORMATO DE SOLICITUD DE CONVALIDACIO\u0301N DE ESTUDIOS<\/a> |<br \/><a href=\"https:\/\/roque.tecnm.mx\/wp-content\/uploads\/2025\/03\/LINEAMIENTO-PARA-LA-CONVALIDACION-DE-ESTUDIOS.pdf\" style=\"color: #666666;\">Ver Lineamiento<\/a><\/p>\n<p><span style=\"color: #792d2e;\">\u25cf<\/span> <strong>Equivalencia:<\/strong><\/p>\n<p><a href=\"https:\/\/roque.tecnm.mx\/wp-content\/uploads\/2025\/03\/SOLICITUD-DE-RESOLUCION-DE-EQUIVALENCIA-DE-ESTUDIOS.docx\" style=\"color: #004d99;\">ANEXO XIII. SOLICITUD DE RESOLUCIO\u0301N DE EQUIVALENCIA DE ESTUDIOS<\/a> |<br \/><a href=\"https:\/\/roque.tecnm.mx\/wp-content\/uploads\/2025\/03\/LINEAMIENTO-PARA-LA-RESOLUCION-DE-EQUIVALENCIA-DE-ESTUDIOS.pdf\" style=\"color: #666666;\">Ver Lineamiento<\/a><\/p>\n<\/div>\n<h2 style=\"border-bottom: 2px solid #ccc; padding-bottom: 10px; padding-left: 20px;\"><span style=\"color: #792d2e;\"><strong>Coordinadores de Carrera<\/strong><\/span><\/h2>\n<div style=\"padding-left: 60px; margin-top: 20px; margin-bottom: 40px;\">\n<table style=\"width: 100%; border-collapse: collapse; color: #666666; font-size: 16px;\">\n<tbody>\n<tr>\n<td style=\"padding: 10px; border-bottom: 1px solid #eee;\"><strong>Industrias Alimentarias<\/strong><\/td>\n<td style=\"padding: 10px; border-bottom: 1px solid #eee;\"><a href=\"mailto:coordinacion.iia@roque.tecnm.mx\" style=\"color: #004d99;\">coordinacion.iia@roque.tecnm.mx<\/a><\/td>\n<\/tr>\n<tr>\n<td style=\"padding: 10px; border-bottom: 1px solid #eee;\"><strong>Gesti\u00f3n Empresarial<\/strong><\/td>\n<td style=\"padding: 10px; border-bottom: 1px solid #eee;\"><a href=\"mailto:coordinacion.ige@roque.tecnm.mx\" style=\"color: #004d99;\">coordinacion.ige@roque.tecnm.mx<\/a><\/td>\n<\/tr>\n<tr>\n<td style=\"padding: 10px; border-bottom: 1px solid #eee;\"><strong>Agronom\u00eda<\/strong><\/td>\n<td style=\"padding: 10px; border-bottom: 1px solid #eee;\"><a href=\"mailto:coordinacion.aa@roque.tecnm.mx\" style=\"color: #004d99;\">coordinacion.aa@roque.tecnm.mx<\/a><\/td>\n<\/tr>\n<tr>\n<td style=\"padding: 10px; border-bottom: 1px solid #eee;\"><strong>Innovaci\u00f3n e Hidrol\u00f3gica<\/strong><\/td>\n<td style=\"padding: 10px; border-bottom: 1px solid #eee;\"><a href=\"mailto:coordinacion.hi@roque.tecnm.mx\" style=\"color: #004d99;\">coordinacion.hi@roque.tecnm.mx<\/a><\/td>\n<\/tr>\n<tr>\n<td style=\"padding: 10px; border-bottom: 1px solid #eee;\"><strong>TIC&#8217;s<\/strong><\/td>\n<td style=\"padding: 10px; border-bottom: 1px solid #eee;\"><a href=\"mailto:coordinacion.tics@roque.tecnm.mx\" style=\"color: #004d99;\">coordinacion.tics@roque.tecnm.mx<\/a><\/td>\n<\/tr>\n<tr>\n<td style=\"padding: 10px;\"><strong>Divisi\u00f3n de Estudios<\/strong><\/td>\n<td style=\"padding: 10px;\"><a href=\"mailto:jefatura.dep@roque.tecnm.mx\" style=\"color: #004d99;\">jefatura.dep@roque.tecnm.mx<\/a><\/td>\n<\/tr>\n<\/tbody>\n<\/table>\n<\/div>\n<p>[\/et_pb_text][\/et_pb_column][\/et_pb_row][\/et_pb_section]<\/p>\n","protected":false},"excerpt":{"rendered":"<p>DIVISI\u00d3N DE ESTUDIOS PROFESIONALES\ud83d\udcc4 Tr\u00e1mites y Formatos Acad\u00e9micos Solicitud del Estudiante para el an\u00e1lisis del Comit\u00e9 Acad\u00e9mico 2025 (Periodo de recepci\u00f3n: 06 de mayo al 06 de junio de 2025) \u2794Formato de Bajas Baja Parcial: 10 d\u00edas h\u00e1biles a partir del inicio oficial de cursos (respeta carga m\u00ednima). Baja Temporal: 20 d\u00edas h\u00e1biles a partir [&hellip;]<\/p>\n","protected":false},"author":21,"featured_media":0,"parent":0,"menu_order":0,"comment_status":"closed","ping_status":"closed","template":"","meta":{"_et_pb_use_builder":"on","_et_pb_old_content":"","_et_gb_content_width":"","footnotes":""},"class_list":["post-6497","page","type-page","status-publish","hentry"],"_links":{"self":[{"href":"https:\/\/roque.tecnm.mx\/index.php?rest_route=\/wp\/v2\/pages\/6497"}],"collection":[{"href":"https:\/\/roque.tecnm.mx\/index.php?rest_route=\/wp\/v2\/pages"}],"about":[{"href":"https:\/\/roque.tecnm.mx\/index.php?rest_route=\/wp\/v2\/types\/page"}],"author":[{"embeddable":true,"href":"https:\/\/roque.tecnm.mx\/index.php?rest_route=\/wp\/v2\/users\/21"}],"replies":[{"embeddable":true,"href":"https:\/\/roque.tecnm.mx\/index.php?rest_route=%2Fwp%2Fv2%2Fcomments&post=6497"}],"version-history":[{"count":14,"href":"https:\/\/roque.tecnm.mx\/index.php?rest_route=\/wp\/v2\/pages\/6497\/revisions"}],"predecessor-version":[{"id":10774,"href":"https:\/\/roque.tecnm.mx\/index.php?rest_route=\/wp\/v2\/pages\/6497\/revisions\/10774"}],"wp:attachment":[{"href":"https:\/\/roque.tecnm.mx\/index.php?rest_route=%2Fwp%2Fv2%2Fmedia&parent=6497"}],"curies":[{"name":"wp","href":"https:\/\/api.w.org\/{rel}","templated":true}]}}