{"id":6873,"date":"2023-11-17T17:24:39","date_gmt":"2023-11-17T23:24:39","guid":{"rendered":"http:\/\/roque.tecnm.mx\/?page_id=6873"},"modified":"2026-02-26T20:24:35","modified_gmt":"2026-02-27T02:24:35","slug":"maestria-en-ciencias-en-produccion-y-tecnologias-de-semillas","status":"publish","type":"page","link":"https:\/\/roque.tecnm.mx\/?page_id=6873","title":{"rendered":"MAESTR\u00cdA EN CIENCIAS EN PRODUCCI\u00d3N Y TECNOLOG\u00cdAS DE SEMILLAS"},"content":{"rendered":"<p>[et_pb_section fb_built=\u00bb1&#8243; _builder_version=\u00bb4.21.0&#8243; _module_preset=\u00bbdefault\u00bb background_enable_color=\u00bboff\u00bb background_image=\u00bbhttp:\/\/web.roque.cetech.com.mx\/wp-content\/uploads\/2023\/03\/Diseno-sin-titulo-20.png\u00bb background_blend=\u00bbsoft-light\u00bb custom_padding=\u00bb||80px|||\u00bb top_divider_style=\u00bbmountains2&#8243; top_divider_color=\u00bb#d3af6f\u00bb top_divider_height=\u00bb40px\u00bb bottom_divider_style=\u00bbasymmetric4&#8243; bottom_divider_color=\u00bb#1b396a\u00bb global_colors_info=\u00bb{}\u00bb][et_pb_row _builder_version=\u00bb4.27.0&#8243; _module_preset=\u00bbdefault\u00bb global_colors_info=\u00bb{}\u00bb][et_pb_column type=\u00bb4_4&#8243; _builder_version=\u00bb4.27.0&#8243; _module_preset=\u00bbdefault\u00bb global_colors_info=\u00bb{}\u00bb][et_pb_code _builder_version=\u00bb4.27.0&#8243; _module_preset=\u00bbdefault\u00bb hover_enabled=\u00bb0&#8243; global_colors_info=\u00bb{}\u00bb sticky_enabled=\u00bb0&#8243;]<\/p>\n<style><!-- [et_pb_line_break_holder] -->    .header-carrera-premium {<!-- [et_pb_line_break_holder] -->        width: 95%;<!-- [et_pb_line_break_holder] -->        margin: 20px auto;<!-- [et_pb_line_break_holder] -->        \/* --- AJUSTES DE ALTURA --- *\/<!-- [et_pb_line_break_holder] -->        min-height: 100px; \/* Reducido de 200px a 100px *\/<!-- [et_pb_line_break_holder] -->        padding: 30px 0;   \/* Reducido de 60px a 30px *\/<!-- [et_pb_line_break_holder] -->        \/* ------------------------- *\/<!-- [et_pb_line_break_holder] -->        text-align: center;<!-- [et_pb_line_break_holder] -->        position: relative;<!-- [et_pb_line_break_holder] -->        overflow: hidden;<!-- [et_pb_line_break_holder] -->        display: flex;<!-- [et_pb_line_break_holder] -->        align-items: center;<!-- [et_pb_line_break_holder] -->        justify-content: center;<!-- [et_pb_line_break_holder] -->        border-radius: 30px; \/* Un poco menos de redondeado para menor altura *\/<!-- [et_pb_line_break_holder] -->        box-shadow: 0 10px 25px rgba(121, 45, 46, 0.2);<!-- [et_pb_line_break_holder] --><!-- [et_pb_line_break_holder] -->        background: linear-gradient(180deg, #792d2e 50%, #8b3435 50%);<!-- [et_pb_line_break_holder] -->        background-image: <!-- [et_pb_line_break_holder] -->            radial-gradient(rgba(255, 255, 255, 0.05) 1px, transparent 1px),<!-- [et_pb_line_break_holder] -->            linear-gradient(180deg, #792d2e 50%, #8b3435 50%);<!-- [et_pb_line_break_holder] -->        background-size: 20px 20px, 100% 100%;<!-- [et_pb_line_break_holder] -->    }<!-- [et_pb_line_break_holder] --><!-- [et_pb_line_break_holder] -->    .header-carrera-premium::before {<!-- [et_pb_line_break_holder] -->        content: \"\";<!-- [et_pb_line_break_holder] -->        position: absolute;<!-- [et_pb_line_break_holder] -->        top: 0;<!-- [et_pb_line_break_holder] -->        left: 0;<!-- [et_pb_line_break_holder] -->        right: 0;<!-- [et_pb_line_break_holder] -->        height: 50%;<!-- [et_pb_line_break_holder] -->        background: linear-gradient(rgba(255,255,255,0.05), transparent);<!-- [et_pb_line_break_holder] -->        pointer-events: none;<!-- [et_pb_line_break_holder] -->    }<!-- [et_pb_line_break_holder] --><!-- [et_pb_line_break_holder] -->    .nombre-carrera-final {<!-- [et_pb_line_break_holder] -->        color: #ffffff;<!-- [et_pb_line_break_holder] -->        font-family: 'Montserrat', sans-serif;<!-- [et_pb_line_break_holder] -->        font-size: 36px; \/* Tama\u00f1o fijo m\u00e1s est\u00e9tico para t\u00edtulos cortos *\/<!-- [et_pb_line_break_holder] -->        font-weight: 800;<!-- [et_pb_line_break_holder] -->        letter-spacing: 2px;<!-- [et_pb_line_break_holder] -->        text-shadow: 0 4px 8px rgba(0,0,0,0.3);<!-- [et_pb_line_break_holder] -->        z-index: 5;<!-- [et_pb_line_break_holder] -->        padding: 0 20px;<!-- [et_pb_line_break_holder] -->        line-height: 1em !important;<!-- [et_pb_line_break_holder] -->    }<!-- [et_pb_line_break_holder] --><\/style>\n<p><!-- [et_pb_line_break_holder] --><!-- [et_pb_line_break_holder] --><\/p>\n<div class=\"header-carrera-premium\"><!-- [et_pb_line_break_holder] -->    <\/p>\n<div class=\"nombre-carrera-final\">MAESTR\u00cdA EN CIENCIAS EN PRODUCCI\u00d3N Y TECNOLOG\u00cdAS DE SEMILLAS<\/div>\n<p><!-- [et_pb_line_break_holder] --><\/div>\n<p>[\/et_pb_code][\/et_pb_column][\/et_pb_row][et_pb_row _builder_version=\u00bb4.16&#8243; _module_preset=\u00bbdefault\u00bb custom_padding=\u00bb18px||0px|||\u00bb locked=\u00bboff\u00bb global_colors_info=\u00bb{}\u00bb][et_pb_column type=\u00bb4_4&#8243; _builder_version=\u00bb4.16&#8243; _module_preset=\u00bbdefault\u00bb global_colors_info=\u00bb{}\u00bb][et_pb_divider color=\u00bb#d3af6f\u00bb divider_weight=\u00bb6px\u00bb _builder_version=\u00bb4.21.0&#8243; _module_preset=\u00bbdefault\u00bb min_height=\u00bb34px\u00bb global_colors_info=\u00bb{}\u00bb][\/et_pb_divider][\/et_pb_column][\/et_pb_row][et_pb_row _builder_version=\u00bb4.27.0&#8243; _module_preset=\u00bbdefault\u00bb global_colors_info=\u00bb{}\u00bb][et_pb_column type=\u00bb4_4&#8243; _builder_version=\u00bb4.27.0&#8243; _module_preset=\u00bbdefault\u00bb global_colors_info=\u00bb{}\u00bb][et_pb_blurb _builder_version=\u00bb4.27.0&#8243; _module_preset=\u00bbdefault\u00bb global_colors_info=\u00bb{}\u00bb]<\/p>\n<div style=\"text-align: center; margin: 20px 0;\"><a href=\"https:\/\/roque.tecnm.mx\/wp-content\/uploads\/2025\/06\/Convocatoria-MCPTS-2025-Junio.pdf\" target=\"_blank\" style=\"background-color: #792d2e; color: #ffffff; padding: 15px 35px; border-radius: 50px; text-decoration: none; font-family: 'Montserrat', sans-serif; font-weight: 800; font-size: 20px; display: inline-block; box-shadow: 0 4px 15px rgba(121, 45, 46, 0.3); transition: transform 0.3s ease;\" rel=\"noopener\"><br \/>\nDescargar Convocatoria 2025<br \/>\n<\/a><\/div>\n<p>[\/et_pb_blurb][\/et_pb_column][\/et_pb_row][et_pb_row _builder_version=\u00bb4.21.0&#8243; _module_preset=\u00bbdefault\u00bb global_colors_info=\u00bb{}\u00bb][et_pb_column type=\u00bb4_4&#8243; _builder_version=\u00bb4.21.0&#8243; _module_preset=\u00bbdefault\u00bb global_colors_info=\u00bb{}\u00bb][et_pb_text _builder_version=\u00bb4.27.0&#8243; _module_preset=\u00bbdefault\u00bb text_font_size=\u00bb1.5rem\u00bb text_line_height=\u00bb2rem\u00bb header_text_color=\u00bb#792d2e\u00bb global_colors_info=\u00bb{}\u00bb]<\/p>\n<h2 style=\"border-bottom: 2px solid #ccc; padding-bottom: 10px; padding-left: 20px; margin-top: 40px;\"><span style=\"color: #792d2e;\"><strong>Objetivo general<\/strong><\/span><\/h2>\n<div style=\"padding-left: 60px; padding-right: 40px; margin-top: 20px;\">\n<p style=\"text-align: justify; color: #444; font-size: 16px; line-height: 1.8;\">Formar profesionistas de alta capacidad tecnol\u00f3gica en la producci\u00f3n, manejo, conservaci\u00f3n y comercializaci\u00f3n de semillas<\/p>\n<\/div>\n<h2 style=\"border-bottom: 2px solid #ccc; padding-bottom: 10px; padding-left: 20px; margin-top: 40px;\"><span style=\"color: #792d2e;\"><strong>Objetivo espec\u00edficos<\/strong><\/span><\/h2>\n<div style=\"padding-left: 60px; padding-right: 40px; margin-top: 20px;\">\n<p style=\"text-align: justify; color: #444; font-size: 16px; line-height: 1.8;\">Promover el acceso a la tecnolog\u00eda de vanguardia en el mejoramiento, producci\u00f3n, manejo y conservaci\u00f3n de semillas. Desarrollar e implantar mecanismos eficientes para el mejoramiento, producci\u00f3n manejo y conservaci\u00f3n de semillas. Realizar e impulsar investigaci\u00f3n cient\u00edfica y tecnol\u00f3gica en respuesta a a problem\u00e1tica del mejoramiento, producci\u00f3n manejo y conservaci\u00f3n de semillas.<\/p>\n<\/div>\n<h2 style=\"border-bottom: 2px solid #ccc; padding-bottom: 10px; padding-left: 20px; margin-top: 40px;\"><span style=\"color: #792d2e;\"><strong>N\u00famero de alumnos matriculados por cohorte generacional<\/strong><\/span><\/h2>\n<div style=\"padding-left: 60px; padding-right: 40px; margin-top: 20px;\">\n<table style=\"width: 100%; border-collapse: collapse; color: #444;\">\n<thead>\n<tr style=\"background-color: #792d2e; color: white;\">\n<th style=\"border: 1px solid #ddd; padding: 12px; text-align: left;\"><span style=\"color: #ffffff;\">Generaci\u00f3n<\/span><\/th>\n<th style=\"border: 1px solid #ddd; padding: 12px; text-align: left;\"><span style=\"color: #ffffff;\">N\u00famero de alumnos matriculados<\/span><\/th>\n<\/tr>\n<\/thead>\n<tbody>\n<tr>\n<td style=\"border: 1px solid #ddd; padding: 10px;\">Ene &#8211; Jun 2017<\/td>\n<td style=\"border: 1px solid #ddd; padding: 10px;\">25<\/td>\n<\/tr>\n<tr style=\"background-color: #f9f9f9;\">\n<td style=\"border: 1px solid #ddd; padding: 10px;\">Ago &#8211; Dic 2017<\/td>\n<td style=\"border: 1px solid #ddd; padding: 10px;\">23<\/td>\n<\/tr>\n<tr>\n<td style=\"border: 1px solid #ddd; padding: 10px;\">Ene &#8211; Jun 2018<\/td>\n<td style=\"border: 1px solid #ddd; padding: 10px;\">25<\/td>\n<\/tr>\n<tr style=\"background-color: #f9f9f9;\">\n<td style=\"border: 1px solid #ddd; padding: 10px;\">Ago &#8211; Dic 2018<\/td>\n<td style=\"border: 1px solid #ddd; padding: 10px;\">22<\/td>\n<\/tr>\n<tr>\n<td style=\"border: 1px solid #ddd; padding: 10px;\">Ene &#8211; Jun 2019<\/td>\n<td style=\"border: 1px solid #ddd; padding: 10px;\">26<\/td>\n<\/tr>\n<tr style=\"background-color: #f9f9f9;\">\n<td style=\"border: 1px solid #ddd; padding: 10px;\">Ago &#8211; Dic 2019<\/td>\n<td style=\"border: 1px solid #ddd; padding: 10px;\">25<\/td>\n<\/tr>\n<tr>\n<td style=\"border: 1px solid #ddd; padding: 10px;\">Ene &#8211; Jun 2020<\/td>\n<td style=\"border: 1px solid #ddd; padding: 10px;\">22<\/td>\n<\/tr>\n<\/tbody>\n<\/table>\n<\/div>\n<h2 style=\"border-bottom: 2px solid #ccc; padding-bottom: 10px; padding-left: 20px; margin-top: 40px;\"><span style=\"color: #792d2e;\"><strong>N\u00facleo acad\u00e9mico b\u00e1sico<\/strong><\/span><\/h2>\n<div style=\"padding-left: 60px; padding-right: 40px; margin-top: 20px;\">\n<p style=\"text-align: justify; color: #444; font-size: 16px; line-height: 1.8;\">El n\u00facleo acad\u00e9mico (NA) de profesores que participan en el Programa de Maestr\u00eda, est\u00e1 formado por 9 Doctores en Ciencias, 7 de ellos son miembros del SNI. El Dr. C\u00e9sar Leobardo Aguirre Mancilla (SNI Nivel I), Dr. Javier Zaragoza Castellanos Ramos (SNI Nivel III), Dr. Jorge Covarrubias Prieto (SNI Nivel I), Dr. Juan Carlos Raya P\u00e9rez (SNI Nivel I), Dr. Christian Oliver D\u00edaz Ovalle (SNI Nivel I), Dr. Juan Gabriel Ram\u00edrez Pimentel (SNI nivel I), Dra. Glenda M. Guti\u00e9rrez Benicio (SNI nivel C), Dr. Gabriel Iturriaga de la Fuente y el Dr. Ahuitzolt de Jes\u00fas Joaqu\u00edn Ramos, todos ellos obtuvieron el grado de Doctor en instituciones de prestigio del pa\u00eds y del extranjero; adem\u00e1s como profesores de tiempo parcial participan M.C. Susana E. Altamirano Romo, Dr. Carlos A. Flores G\u00f3mez. M.C. Mauricio Daniel Garc\u00eda Rosas, M.C. Violeta Herrera Enciso.<\/p>\n<p style=\"text-align: justify; color: #444; font-size: 16px; line-height: 1.8;\">Del N\u00facleo Acad\u00e9mico B\u00e1sico, 7 tienen reconocimiento de Perfil Deseable (PRODEP); los 9 Profesores del NAB son responsables o participan en proyectos de investigaci\u00f3n y publican en revistas indizadas de prestigio (el indicador en 2016, 2017, 2018 y 2019 fue en promedio de 1.5 art\u00edculo\/PTC).<\/p>\n<\/div>\n<h2 style=\"border-bottom: 2px solid #ccc; padding-bottom: 10px; padding-left: 20px; margin-top: 40px;\"><span style=\"color: #792d2e;\"><strong>Lineas generaci\u00f3n y\/o aplicaci\u00f3n del conocimiento del programa<\/strong><\/span><\/h2>\n<div style=\"padding-left: 60px; padding-right: 40px; margin-top: 20px;\">\n<p style=\"text-align: justify; color: #444; font-size: 16px; line-height: 1.8;\">Existen l\u00edneas de investigaci\u00f3n que se tiene en el programa de Maestr\u00eda en Ciencias en Producci\u00f3n y Tecnolog\u00eda de Semillas y son \u201cTecnolog\u00eda de Semillas\u201d, \u201cBiotecnolog\u00eda y Bioqu\u00edmica de Semillas\u201d y \u201cGenoproducci\u00f3n de Semillas\u201d, en las cuales todos los profesores investigadores del programa participan.<\/p>\n<p style=\"text-align: justify; color: #444; font-size: 16px; line-height: 1.8;\">Tecnolog\u00eda de Semillas. Esta l\u00ednea de investigaci\u00f3n est\u00e1 orientada hacia la investigaci\u00f3n de caracter\u00edsticas sobresalientes en los cultivos m\u00e1s importantes de la regi\u00f3n por ejemplo ma\u00edz, frijol y hortalizas; se incluye investigaci\u00f3n en los procesos de beneficio y tratamientos para aumentar el tiempo de almacenamiento y viabilidad, a fin de proveer a los productores con l\u00edneas mejoradas que permitan incrementar la productividad y calidad de semilla as\u00ed como incrementar la producci\u00f3n agroalimentaria y optimizar los insumos tales como agua y fertilizantes.<\/p>\n<p style=\"text-align: justify; color: #444; font-size: 16px; line-height: 1.8;\">Biotecnolog\u00eda y Bioqu\u00edmica de Semillas. Esta l\u00ednea de investigaci\u00f3n est\u00e1 orientada hacia la investigaci\u00f3n cient\u00edfica y tecnol\u00f3gica de las semillas vegetales, buscando estrategias para incrementar la productividad y la calidad de las semillas en base al conocimiento cient\u00edfico soportado por t\u00e9cnicas de biotecnolog\u00eda moderna como ingenier\u00eda gen\u00e9tica, cultivo de tejidos, proteomica, t\u00e9cnicas anal\u00edticas de precisi\u00f3n con una orientaci\u00f3n a semillas, en el ramo agroalimentario y de biocombustibles.<\/p>\n<p style=\"text-align: justify; color: #444; font-size: 16px; line-height: 1.8;\">Genoproducci\u00f3n de Semillas. Esta l\u00ednea de investigaci\u00f3n est\u00e1 orientada hacia la investigaci\u00f3n cient\u00edfica y tecnol\u00f3gica para la producci\u00f3n de semillas considerando los aspectos de calidad gen\u00e9tica para el mantenimiento de la productividad de los materiales liberados para su distribuci\u00f3n a los productores de los diferentes cultivos.<\/p>\n<\/div>\n<h2 style=\"border-bottom: 2px solid #ccc; padding-bottom: 10px; padding-left: 20px; margin-top: 40px;\"><span style=\"color: #792d2e;\"><strong>Requisitos y antecedentes de ingreso de los candidatos<\/strong><\/span><\/h2>\n<div style=\"padding-left: 60px; padding-right: 40px; margin-top: 20px;\">\n<p style=\"text-align: justify; color: #444; font-size: 16px; line-height: 1.8;\">Los aspirantes al Programa de la Maestr\u00eda en Ciencias en Producci\u00f3n y Tecnolog\u00eda de Semillas, deber\u00e1nn poseer estudios en \u00e1nreas afines y cubrir los siguientes requisitos:<\/p>\n<p style=\"text-align: justify; color: #444; font-size: 16px; line-height: 1.8;\">T\u00edtulo de licenciatura, o constancia oficial del tr\u00e1mite, en original y cuatro copias. Los certificados expedidos por instituciones extranjeras deber\u00e1n ser legalizados, tanto por la representaci\u00f3n diplom\u00e1tica o consular mexicana del lugar donde se realizaron los estudios, como por la Secretar\u00eda de Relaciones Exteriores en M\u00e9xico.<\/p>\n<p style=\"text-align: justify; color: #444; font-size: 16px; line-height: 1.8;\">Podr\u00e1n ingresar un alumno sin titularse siempre y cuando, el Consejo de Posgrado determine en reuni\u00f3n y se acepte su ingreso en forma un\u00e1nime. Promedio m\u00ednimo general de 8.0 en los estudios de licenciatura, en original y cuatro copias. Curriculum vitae, con documentaci\u00f3n comprobatoria, en original y tres copias. Exposici\u00f3n de motivos para realizar estudios en el programa. (Incluir en dos cuartillas, el tema de investigaci\u00f3n que se abordar\u00eda como tesis).<\/p>\n<p style=\"text-align: justify; color: #444; font-size: 16px; line-height: 1.8;\">Presentar el acta de nacimiento. Dos cartas de recomendaci\u00f3n, expedidas por Profesores Investigadores de reconocido prestigio. Certificado m\u00e9dico de buena salud, expedido por la alguna dependencia del sector oficial. Cuatro fotograf\u00edas tama\u00f1o infantil. Breve resumen de su tesis profesional o de la opci\u00f3n por la cual obtuvo su t\u00edtulo.<\/p>\n<p style=\"text-align: justify; color: #444; font-size: 16px; line-height: 1.8;\">En caso de ser trabajador del Subsistema, presentar oficio de beca sueldo expedido por el oficial mayor de la SEP. Demostrar solvencia econ\u00f3mica o contar con beca. Mostrar habilidades en la lectura y comprensi\u00f3n de escritos t\u00e9cnicos en otro idioma relevante para la investigaci\u00f3n. Cubrir las cuotas de inscripci\u00f3n y colegiaturas establecidas por la CEPI-ITR.<\/p>\n<\/div>\n<h2 style=\"border-bottom: 2px solid #ccc; padding-bottom: 10px; padding-left: 20px; margin-top: 40px;\"><span style=\"color: #792d2e;\"><strong>Requisitos para la obtenci\u00f3n del grado acad\u00e9mico<\/strong><\/span><\/h2>\n<div style=\"padding-left: 60px; padding-right: 40px; margin-top: 20px;\">\n<p style=\"text-align: justify; color: #444; font-size: 16px; line-height: 1.8;\">T\u00edtulo de licenciatura, o constancia oficial del tr\u00e1mite, en original y cuatro copias. Los certificados expedidos por instituciones extranjeras deber\u00e1n ser legalizados, tanto por la representaci\u00f3n diplom\u00e1tica o consular mexicana del lugar donde se realizaron los estudios, como por la Secretar\u00eda de Relaciones Exteriores en M\u00e9xico.<\/p>\n<p style=\"text-align: justify; color: #444; font-size: 16px; line-height: 1.8;\">Podr\u00e1n ingresar un alumno sin titularse siempre y cuando, el Consejo de Posgrado determine en reuni\u00f3n y se acepte su ingreso en forma un\u00e1nime. Promedio m\u00ednimo general de 8.0 en los estudios de licenciatura, en original y cuatro copias. Curriculum vitae, con documentaci\u00f3n comprobatoria, en original y tres copias.<\/p>\n<p style=\"text-align: justify; color: #444; font-size: 16px; line-height: 1.8;\">Exposici\u00f3n de motivos para realizar estudios en el programa. (Incluir en dos cuartillas, el tema de investigaci\u00f3n que se abordar\u00eda como tesis). Presentar el acta de nacimiento. Dos cartas de recomendaci\u00f3n, expedidas por Profesores Investigadores de reconocido prestigio. Certificado m\u00e9dico de buena salud, expedido por la alguna dependencia del sector oficial. Cuatro fotograf\u00edas tama\u00f1o infantil. Breve resumen de su tesis profesional o de la opci\u00f3n por la cual obtuvo su t\u00edtulo.<\/p>\n<p style=\"text-align: justify; color: #444; font-size: 16px; line-height: 1.8;\">En caso de ser trabajador del Subsistema, presentar oficio de beca sueldo expedido por el oficial mayor de la SEP. Demostrar solvencia econ\u00f3mica o contar con beca. Mostrar habilidades en la lectura y comprensi\u00f3n de escritos t\u00e9cnicos en otro idioma relevante para la investigaci\u00f3n. Cubrir las cuotas de inscripci\u00f3n y colegiaturas establecidas por la CEPI-ITR.<\/p>\n<\/div>\n<h2 style=\"border-bottom: 2px solid #ccc; padding-bottom: 10px; padding-left: 20px; margin-top: 40px;\"><span style=\"color: #792d2e;\"><strong>Requisitos de la permanencia en el programa<\/strong><\/span><\/h2>\n<div style=\"padding-left: 60px; padding-right: 40px; margin-top: 20px;\">\n<p style=\"text-align: justify; color: #444; font-size: 16px; line-height: 1.8;\">Para mantener su permanencia, son obligaciones del estudiante de posgrado:<\/p>\n<p style=\"text-align: justify; color: #444; font-size: 16px; line-height: 1.8;\">Cumplir con las bases normativas, as\u00ed como las espec\u00edficas que se establezcan en cada plantel. Satisfacer como m\u00ednimo, 95% de asistencias en cada materia. Reinscribirse al per\u00edodo acad\u00e9mico siguiente, en la fecha prevista.<\/p>\n<p style=\"text-align: justify; color: #444; font-size: 16px; line-height: 1.8;\">Cubrir las cuotas de inscripci\u00f3n, reinscripci\u00f3n y colegiatura establecidas por el Consejo del Posgrado de la CEPI &#8211; ITR. Iniciar, desde el segundo semestre, el proyecto de investigaci\u00f3n como tesis. Usar, en forma racional y adecuada, los recursos que la CEPI-ITR proporcionan para su formaci\u00f3n acad\u00e9mica. Conducirse dentro del plantel, de acuerdo a las normas acad\u00e9micas, sociales y culturales. Participar en las actividades extracurriculares, que los maestros consideren complementarias a los cursos.<\/p>\n<p style=\"text-align: justify; color: #444; font-size: 16px; line-height: 1.8;\">Participar en la generaci\u00f3n de la escritura de art\u00edculos cient\u00edficos durante el desarrollo del proyecto de investigaci\u00f3n. Participar en la presentaci\u00f3n como ponente en foros cient\u00edficos. Colaborar en la formulaci\u00f3n de proyectos, para obtener el financiamiento a trav\u00e9s de instituciones externas al Instituto. Realizar estancias en Instituciones o Centros de Investigaci\u00f3n.<\/p>\n<p style=\"text-align: justify; color: #444; font-size: 16px; line-height: 1.8;\">Completar la totalidad de los cr\u00e9ditos acad\u00e9micos del plan de estudios. Realizar inscripci\u00f3n en cada semestre, aun cuando no lleve carga acad\u00e9mica, para poder realizar su obtenci\u00f3n de grado. No abandonar el programa de Posgrado sin la autorizaci\u00f3n del Coordinador de Estudios de Posgrado e Investigaci\u00f3n.<\/p>\n<p style=\"text-align: justify; color: #444; font-size: 16px; line-height: 1.8;\">Presentar avances de tesis cuando lo solicite el Comit\u00e9 tutorial con el aval del Director de tesis. Presentar su tesis y examen de grado en un tiempo que no rebase doce meses posteriores a la culminaci\u00f3n de sus cr\u00e9ditos. El incumplimiento de cualquiera de las condicionantes anteriores provocar\u00e1 baja definitiva del programa de Posgrado.<\/p>\n<\/div>\n<h2 style=\"border-bottom: 2px solid #ccc; padding-bottom: 10px; padding-left: 20px; margin-top: 40px;\"><span style=\"color: #792d2e;\"><strong>Procedimiento de selecci\u00f3n de aspirantes<\/strong><\/span><\/h2>\n<div style=\"padding-left: 60px; padding-right: 40px; margin-top: 20px;\">\n<p style=\"text-align: justify; color: #444; font-size: 16px; line-height: 1.8;\">Llenado de solicitud de ingreso a la Maestr\u00eda en Ciencias en Producci\u00f3n y Tecnolog\u00eda de Semillas. Revisi\u00f3n de documentos. Presentar el curriculum vitae. Entrevista con integrantes del Comit\u00e9 de Admisi\u00f3n. Aprobar el examen de admisi\u00f3n. Mostrar habilidades en la lectura y comprensi\u00f3n de escritos t\u00e9cnicos en otro idioma relevante para la investigaci\u00f3n.<\/p>\n<\/div>\n<h2 style=\"border-bottom: 2px solid #ccc; padding-bottom: 10px; padding-left: 20px; margin-top: 40px;\"><span style=\"color: #792d2e;\"><strong>Caracter\u00edsticas de los proyectos de tesis<\/strong><\/span><\/h2>\n<div style=\"padding-left: 60px; padding-right: 40px; margin-top: 20px;\">\n<p style=\"text-align: justify; color: #444; font-size: 16px; line-height: 1.8;\">Deber ser un trabajo original, que constituye el planteamiento, procedimiento para desarrollar una investigaci\u00f3n. El trabajo que el estudiante realiza en forma individual durante su formaci\u00f3n acad\u00e9mica. Debe ser un documento que refleja de manera sint\u00e9tica pero suficiente, el trabajo que realiza el estudiante, en su estancia de formaci\u00f3n acad\u00e9mica.<\/p>\n<p style=\"text-align: justify; color: #444; font-size: 16px; line-height: 1.8;\">Debe estar bien estructurada, claramente redactada y presentarse impresa en archivo electr\u00f3nico en CD. Un proyecto de investigaci\u00f3n puede generar varias tesis, sin embargo cada tesis, deber\u00e1 desarrollarse individualmente aunque varios estudiantes participen en el proyecto. Empastado de color azul, para el nivel de Maestr\u00eda en Ciencias, letras de color dorado.<\/p>\n<\/div>\n<h2 style=\"border-bottom: 2px solid #ccc; padding-bottom: 10px; padding-left: 20px; margin-top: 40px;\"><span style=\"color: #792d2e;\"><strong>De la estructura de tesis<\/strong><\/span><\/h2>\n<div style=\"padding-left: 60px; padding-right: 40px; margin-top: 20px;\">\n<p style=\"text-align: justify; color: #444; font-size: 16px; line-height: 1.8;\">Estar dentro de los rangos de 80-200 cuartillas. Estructura general tendr\u00e1 el siguiente orden: I) Introducci\u00f3n, II) Revisi\u00f3n de literatura, III) Materiales y m\u00e9todos, IV) Resultados y discusi\u00f3n, v) Conclusiones, VI) Literatura citada.<\/p>\n<\/div>\n<h2 style=\"border-bottom: 2px solid #ccc; padding-bottom: 10px; padding-left: 20px; margin-top: 40px;\"><span style=\"color: #792d2e;\"><strong>Resumen ejecutivo<\/strong><\/span><\/h2>\n<div style=\"padding-left: 60px; padding-right: 40px; margin-top: 20px;\">\n<p style=\"text-align: justify; color: #444; font-size: 16px; line-height: 1.8;\">La Maestr\u00eda en Ciencias en Producci\u00f3n y Tecnolog\u00eda de Semillas, es una oferta educativa a nivel de Posgrado, misma que se oferta en la Divisi\u00f3n de Estudios de Posgrado e Investigaci\u00f3n (DEPI) del Instituto Tecnol\u00f3gico de Roque (ITR), representa una opci\u00f3n para los profesionistas de Guanajuato y del todo el pa\u00eds, para dar continuidad en su capacitaci\u00f3n t\u00e9cnica en el \u00e1rea de producci\u00f3n, conservaci\u00f3n y comercializaci\u00f3n de semillas.<\/p>\n<\/div>\n<p>[\/et_pb_text][\/et_pb_column][\/et_pb_row][\/et_pb_section]<\/p>\n","protected":false},"excerpt":{"rendered":"<p>Descargar Convocatoria 2025 Objetivo general Formar profesionistas de alta capacidad tecnol\u00f3gica en la producci\u00f3n, manejo, conservaci\u00f3n y comercializaci\u00f3n de semillas Objetivo espec\u00edficos Promover el acceso a la tecnolog\u00eda de vanguardia en el mejoramiento, producci\u00f3n, manejo y conservaci\u00f3n de semillas. Desarrollar e implantar mecanismos eficientes para el mejoramiento, producci\u00f3n manejo y conservaci\u00f3n de semillas. Realizar e [&hellip;]<\/p>\n","protected":false},"author":21,"featured_media":0,"parent":0,"menu_order":0,"comment_status":"closed","ping_status":"closed","template":"","meta":{"_et_pb_use_builder":"on","_et_pb_old_content":"","_et_gb_content_width":"","footnotes":""},"class_list":["post-6873","page","type-page","status-publish","hentry"],"_links":{"self":[{"href":"https:\/\/roque.tecnm.mx\/index.php?rest_route=\/wp\/v2\/pages\/6873"}],"collection":[{"href":"https:\/\/roque.tecnm.mx\/index.php?rest_route=\/wp\/v2\/pages"}],"about":[{"href":"https:\/\/roque.tecnm.mx\/index.php?rest_route=\/wp\/v2\/types\/page"}],"author":[{"embeddable":true,"href":"https:\/\/roque.tecnm.mx\/index.php?rest_route=\/wp\/v2\/users\/21"}],"replies":[{"embeddable":true,"href":"https:\/\/roque.tecnm.mx\/index.php?rest_route=%2Fwp%2Fv2%2Fcomments&post=6873"}],"version-history":[{"count":9,"href":"https:\/\/roque.tecnm.mx\/index.php?rest_route=\/wp\/v2\/pages\/6873\/revisions"}],"predecessor-version":[{"id":10909,"href":"https:\/\/roque.tecnm.mx\/index.php?rest_route=\/wp\/v2\/pages\/6873\/revisions\/10909"}],"wp:attachment":[{"href":"https:\/\/roque.tecnm.mx\/index.php?rest_route=%2Fwp%2Fv2%2Fmedia&parent=6873"}],"curies":[{"name":"wp","href":"https:\/\/api.w.org\/{rel}","templated":true}]}}