{"id":9716,"date":"2025-06-30T19:59:42","date_gmt":"2025-07-01T01:59:42","guid":{"rendered":"https:\/\/roque.tecnm.mx\/?page_id=9716"},"modified":"2026-01-15T23:51:11","modified_gmt":"2026-01-16T05:51:11","slug":"proceso-de-inscripcion","status":"publish","type":"page","link":"https:\/\/roque.tecnm.mx\/?page_id=9716","title":{"rendered":"PROCESO DE INSCRIPCI\u00d3N"},"content":{"rendered":"<p>[et_pb_section fb_built=\u00bb1&#8243; _builder_version=\u00bb4.27.0&#8243; _module_preset=\u00bbdefault\u00bb global_colors_info=\u00bb{}\u00bb][et_pb_row _builder_version=\u00bb4.27.0&#8243; _module_preset=\u00bbdefault\u00bb global_colors_info=\u00bb{}\u00bb][et_pb_column type=\u00bb4_4&#8243; _builder_version=\u00bb4.27.0&#8243; _module_preset=\u00bbdefault\u00bb global_colors_info=\u00bb{}\u00bb][et_pb_code _builder_version=\u00bb4.27.0&#8243; _module_preset=\u00bbdefault\u00bb global_colors_info=\u00bb{}\u00bb]<!DOCTYPE html><!-- [et_pb_line_break_holder] --><html lang=\"es\"><!-- [et_pb_line_break_holder] --><head><!-- [et_pb_line_break_holder] -->  <meta charset=\"UTF-8\"><!-- [et_pb_line_break_holder] -->  <title>Encabezado Inscripci\u00f3n<\/title><!-- [et_pb_line_break_holder] -->  <\/p>\n<style><!-- [et_pb_line_break_holder] -->    .encabezado {<!-- [et_pb_line_break_holder] -->      background-color: #701f1f; \/* color vino *\/<!-- [et_pb_line_break_holder] -->      color: white;              \/* texto blanco *\/<!-- [et_pb_line_break_holder] -->      text-align: center;        \/* texto centrado *\/<!-- [et_pb_line_break_holder] -->      padding: 10px 0;           \/* espacio interno superior e inferior *\/<!-- [et_pb_line_break_holder] -->      font-family: Arial, sans-serif;<!-- [et_pb_line_break_holder] -->    }<!-- [et_pb_line_break_holder] -->    .encabezado h1, .encabezado h2 {<!-- [et_pb_line_break_holder] -->      margin: 0;                 \/* sin m\u00e1rgenes para juntar l\u00edneas *\/<!-- [et_pb_line_break_holder] -->    }<!-- [et_pb_line_break_holder] -->  <\/style>\n<p><!-- [et_pb_line_break_holder] --><\/head><!-- [et_pb_line_break_holder] --><body><!-- [et_pb_line_break_holder] --><!-- [et_pb_line_break_holder] --><\/p>\n<div style=\"background-color: #701f1f; color: white; text-align: center; padding: 15px 0; font-family: Arial, sans-serif;\"><!-- [et_pb_line_break_holder] -->  <pee style=\"margin: 0; font-size: 25px; font-weight: bold;\">TECNOL\u00d3GICO NACIONAL DE M\u00c9XICO \u2013 INSTITUTO TECNOL\u00d3GICO DE ROQUE<\/pee><!-- [et_pb_line_break_holder] -->  <pee style=\"margin: 0; font-size: 20px; font-weight: bold;\">PROCESO DE INSCRIPCI\u00d3N ENERO-JUNIO 2026<\/pee><!-- [et_pb_line_break_holder] --><\/div>\n<p><!-- [et_pb_line_break_holder] --><!-- [et_pb_line_break_holder] --><!-- [et_pb_line_break_holder] --><!-- [et_pb_line_break_holder] --><!-- [et_pb_line_break_holder] --><\/body><!-- [et_pb_line_break_holder] --><\/html><!-- [et_pb_line_break_holder] -->[\/et_pb_code][\/et_pb_column][\/et_pb_row][\/et_pb_section][et_pb_section fb_built=\u00bb1&#8243; _builder_version=\u00bb4.27.0&#8243; _module_preset=\u00bbdefault\u00bb global_colors_info=\u00bb{}\u00bb][et_pb_row _builder_version=\u00bb4.27.0&#8243; _module_preset=\u00bbdefault\u00bb global_colors_info=\u00bb{}\u00bb][et_pb_column type=\u00bb4_4&#8243; _builder_version=\u00bb4.27.0&#8243; _module_preset=\u00bbdefault\u00bb global_colors_info=\u00bb{}\u00bb][et_pb_text _builder_version=\u00bb4.27.0&#8243; _module_preset=\u00bbdefault\u00bb text_font_size=\u00bb1.5rem\u00bb text_letter_spacing=\u00bb0rem\u00bb text_line_height=\u00bb1rem\u00bb locked=\u00bboff\u00bb global_colors_info=\u00bb{}\u00bb]<\/p>\n<p style=\"box-sizing: border-box; margin: 0px; padding: 0px 0px 1em; border: 0px; outline: 0px; font-size: 24px; text-size-adjust: 100%; vertical-align: baseline; background: #ffffff; color: #666666; font-family: 'Open Sans', Arial, sans-serif; font-style: normal; font-variant-ligatures: normal; font-variant-caps: normal; font-weight: 500; letter-spacing: normal; orphans: 2; text-align: left; text-indent: 0px; text-transform: none; widows: 2; word-spacing: 0px; -webkit-text-stroke-width: 0px; white-space: normal; text-decoration-thickness: initial; text-decoration-style: initial; text-decoration-color: initial;\">El Instituto Tecnol\u00f3gico De Roque reconoce y valora tu inter\u00e9s al integrarte a nuestra comunidad acad\u00e9mica.<\/p>\n<p>&nbsp;<\/p>\n<p>&nbsp;<\/p>\n<p><strong>\ud83d\udccb<\/strong> <span style=\"color: #e02b20;\"><strong>Gu\u00eda r\u00e1pida y clara para tu inscripci\u00f3n de nuevo ingreso.<\/strong><\/span><\/p>\n<h2 justify=\"\">Sabemos que hay mucha informaci\u00f3n, pero no te preocupes, aqu\u00ed te la presentamos paso a paso, de forma clara y sencilla.<\/h2>\n<h2 justify=\"\">Lee con atenci\u00f3n, haz cada paso en orden y tendr\u00e1s todo listo para iniciar tu nueva etapa, si tienes dudas ponemos a tu disposici\u00f3n el siguiente correo electr\u00f3nico:<\/h2>\n<p>&nbsp;<\/p>\n<p style=\"text-align: center;\"><strong>\ud83d\udce7 \u00a0<\/strong>\u00a0<a href=\"mailto:jefatura.se@roque.tecnm.mx\">jefatura.se@roque.tecnm.mx<\/a><\/p>\n<p>Por favor, indica en el asunto: INSCRIPCI\u00d3N NUEVO INGRESO, y en el cuerpo del mensaje, tu<\/p>\n<p>n\u00famero de control y describe detalladamente tu duda.<\/p>\n<p>&nbsp;<\/p>\n<p><strong><\/strong> <span style=\"color: #e02b20;\"><strong>PASOS PARA TU INSCRIPCI\u00d3N <\/strong><\/span><\/p>\n<p>&nbsp;<\/p>\n<p><strong><\/strong> <span style=\"color: #e02b20;\"><strong>\ud83d\udd39 <span style=\"color: #0c71c3;\">PASO 1: Consulta tus datos de ingreso<\/span><\/strong><\/span><\/p>\n<p><span style=\"color: #000000;\"><strong>Desde tu perfil de aspirante, entra al apartado de Resultado y toma nota de:<\/strong><\/span><\/p>\n<ul>\n<li>Tu <strong>N\u00famero de control<\/strong><\/li>\n<li>Tu <strong>Correo institucional<\/strong> (ej. L2598XXXX@roque.tecnm.mx)<\/li>\n<li>Tu <strong>Contrase\u00f1a temporal<\/strong><\/li>\n<\/ul>\n<p><img loading=\"lazy\" decoding=\"async\" src=\"https:\/\/roque.tecnm.mx\/wp-content\/uploads\/2025\/07\/Captura.jpg\" alt=\"Descripci\u00f3n de la imagen\" width=\"453\" height=\"348\" style=\"display: block; margin-left: auto; margin-right: auto;\" \/><\/p>\n<p>&nbsp;<\/p>\n<p><strong><span style=\"color: #e02b20;\">\ud83d\udd39 <span style=\"color: #0c71c3;\">PASO 2: Ingresa al CETECH<\/span><\/span><\/strong><\/p>\n<p><strong><\/strong><\/p>\n<p><strong>Cierra tu perfil de aspirante antes de iniciar sesi\u00f3n<\/strong> como estudiante<\/p>\n<ol>\n<li>Ve a: <a href=\"https:\/\/cetech.roque.tecnm.mx\/\">https:\/\/cetech.roque.tecnm.mx\/<\/a><\/li>\n<li>Escribe el <strong>correo institucional<\/strong> y la contrase\u00f1a<\/li>\n<li>Cambia tu contrase\u00f1a<\/li>\n<\/ol>\n<p>&nbsp;<\/p>\n<p>&nbsp;<\/p>\n<p>&nbsp;<\/p>\n<p>&nbsp;<\/p>\n<p>&nbsp;<\/p>\n<p>&nbsp;<\/p>\n<p><center><img loading=\"lazy\" decoding=\"async\" src=\"https:\/\/roque.tecnm.mx\/wp-content\/uploads\/2025\/07\/Captura2.jpg\" alt=\"Descripci\u00f3n de la imagen\" width=\"314\" height=\"357\" \/><\/center><\/p>\n<p>&nbsp;<\/p>\n<p>&nbsp;<\/p>\n<p>&nbsp;<\/p>\n<p>&nbsp;<\/p>\n<p>&nbsp;<\/p>\n<p>&nbsp;<\/p>\n<p>&nbsp;<\/p>\n<p>&nbsp;<\/p>\n<p><strong><span style=\"color: #e02b20;\">\ud83d\udd39 <span style=\"color: #0c71c3;\">PASO 3: Ingresa tus datos personales<\/span><\/span><\/strong><\/p>\n<p>Dentro de CETECH:<\/p>\n<ul>\n<li>Ingresa a <strong>Datos personales<\/strong> y <strong>Datos de contacto<\/strong><\/li>\n<li>Verifica que la <strong>CURP* est\u00e9 bien escrita<\/strong><\/li>\n<li>Captura correctamente tus <strong>antecedentes escolares<\/strong><\/li>\n<\/ul>\n<p><span style=\"color: #0c71c3;\">*Este dato es ingresado directamente a las plataformas de becas, cuida mucho que lo escribas bien.<\/span><\/p>\n<p><span style=\"color: #0c71c3;\">En el caso de que hables lengua ind\u00edgena, deber\u00e1s presentar alg\u00fan comprobante en servicios<\/span><\/p>\n<p><span style=\"color: #0c71c3;\"> escolares, con la finalidad de validar.<\/span>\u00a0<\/p>\n<p><span style=\"color: #0c71c3;\"><\/span><\/p>\n<p>&nbsp;<\/p>\n<p><strong><span style=\"color: #e02b20;\">\ud83d\udd39 <span style=\"color: #0c71c3;\">PASO 4: Descarga tu ficha de pago<\/span><\/span><\/strong><\/p>\n<ul>\n<li><strong>\u00a0<\/strong>Ve a <strong>Gesti\u00f3n de pagos.<\/strong><strong><\/strong><\/li>\n<li>En <span style=\"color: #0c71c3;\">Lista de conceptos<\/span> habr\u00e1 un pdf descargable, es tu referencia de pago, revisa que todos tus datos sean correctos.<\/li>\n<li>Descarga tu ficha de pago, lee cuidadosamente para que realices el pago de forma correcta.<\/li>\n<\/ul>\n<p>&nbsp;<\/p>\n<ul>\n<li><strong>Fecha l\u00edmite de pago modalidad escolarizada y virtual:<\/strong> 20 de enero<\/li>\n<li><strong>Fecha l\u00edmite de pago modalidad mixta :<\/strong> 20 de enero<\/li>\n<\/ul>\n<ul><\/ul>\n<ul><\/ul>\n<p>\ud83d\udca1 El pago se valida autom\u00e1ticamente en 24 horas.<\/p>\n<p>La ficha de pago tiene vigencia, por lo que es conveniente que la descargues el d\u00eda que vas a pagar.<\/p>\n<p>&nbsp;<\/p>\n<p>&nbsp;<\/p>\n<p>&nbsp;<\/p>\n<p>&nbsp;<\/p>\n<p><center><img loading=\"lazy\" decoding=\"async\" src=\"https:\/\/roque.tecnm.mx\/wp-content\/uploads\/2025\/07\/captura4.png\" alt=\"Descripci\u00f3n de la imagen\" width=\"702\" height=\"200\" \/><\/center><\/p>\n<p>&nbsp;<\/p>\n<p>&nbsp;<\/p>\n<p>&nbsp;<\/p>\n<p><strong><span style=\"color: #e02b20;\">\ud83d\udd39 <span style=\"color: #0c71c3;\">PASO 5: Captura tus documentos en CETECH<\/span><\/span><\/strong><\/p>\n<p><strong><span style=\"color: #e02b20;\"><span style=\"color: #0c71c3;\"><\/span><\/span><\/strong><\/p>\n<p><strong><span style=\"color: #0c71c3;\">Periodo de validaci\u00f3n de documentos del 16 al 20 de enero.<\/span><\/strong><\/p>\n<p style=\"line-height: 1.6; text-align: justify;\">Entra al apartado <strong>Documentos<\/strong>, da clic en <strong>Editar<\/strong> y sube tu archivo <strong>PDF<\/strong>, debe ser escaneo, <strong>no fotograf\u00edas, o pdf con marca de agua<\/strong>, ya que eso invalida el documento. Aseg\u00farate que sea legible y este en el apartado correcto. Si alg\u00fan documento es rechazado, revisa el motivo, corrige y vuelve a subirlo.<\/p>\n<p><span style=\"color: #0c71c3;\"><strong>Documentos que debes\u00a0capturar en el CETECH:<\/strong><\/span><\/p>\n<ol>\n<li style=\"text-align: justify;\"><a href=\"https:\/\/roque.tecnm.mx\/wp-content\/uploads\/2025\/06\/TNMR-AC-PO-001-02-Solicitud-de-inscripcion.pdf\">Solicitud de inscripci\u00f3n<\/a> (Original)\u00a0\u00a0(Da clic en: <a href=\"https:\/\/roque.tecnm.mx\/wp-content\/uploads\/2025\/06\/TNMR-AC-PO-001-02-Solicitud-de-inscripcion.pdf\">Solicitud de inscripci\u00f3n<\/a>, descarga el formato, impr\u00edmelo, ll\u00e9nalo con pluma tinta azul, pega tu foto y escanea con esc\u00e1ner).<\/li>\n<\/ol>\n<p>&nbsp;<\/p>\n<ol start=\"2\">\n<li style=\"text-align: justify;\"><span style=\"color: #2ea3f2;\">Certificado de Bachillerato<\/span>, (original a color), certificado emitido por tu bachillerato de procedencia. En caso de ser una escuela extranjera, subir el documento equivalente. Si ya concluiste el bachillerato y a\u00fan no te entregan el certificado de terminaci\u00f3n de estudios, no subas nada en el apartado de\u00a0Certificado.<\/li>\n<\/ol>\n<p>&nbsp;<\/p>\n<ol start=\"3\">\n<li style=\"text-align: justify;\"><span style=\"color: #2ea3f2;\">Revalidaci\u00f3n de estudios de bachillerato<\/span>, solo aplica para estudiantes que realizaron sus estudios en el extranjero, para hacer este tr\u00e1mite deber\u00e1s llevar a cabo la REVALIDACI\u00d3N DE ESTUDIOS DE TIPO MEDIO SUPERIOR, consulta la p\u00e1gina: <a href=\"https:\/\/dgb.sep.gob.mx\/tramite\/revalidacion-de-estudios-realizados-en-el-extranjero\">https:\/\/dgb.sep.gob.mx\/tramite\/revalidacion-de-estudios-realizados-en-el-extranjero<\/a>.<\/li>\n<\/ol>\n<p>&nbsp;<\/p>\n<ol start=\"4\">\n<li style=\"text-align: justify;\"><span style=\"color: #2ea3f2;\">Constancia no adeudo de materias<\/span>, (original a color), solo aplica en el caso de que no cuentes con certificado de estudios de nivel medio superior, la constancia de terminaci\u00f3n de estudios emitida por el bachillerato de procedencia debe incluir las fechas de inicio y t\u00e9rmino de sus estudios, y el estatus de entrega de su certificado. Solic\u00edtala al terminar tus estudios, si tu certificado no es emitido antes de la fecha de inscripci\u00f3n.<\/li>\n<\/ol>\n<p>&nbsp;<\/p>\n<ol start=\"5\">\n<li><span style=\"color: #2ea3f2;\">Acta de nacimiento<\/span> (Original a color). Si la obtuviste de internet en pdf, sube ese mismo archivo.<\/li>\n<\/ol>\n<p>&nbsp;<\/p>\n<ol start=\"6\">\n<li><span style=\"color: #2ea3f2;\">CURP<\/span> (Descarga el formato actualizado <a href=\"https:\/\/www.gob.mx\/curp\/\">https:\/\/www.gob.mx\/curp\/<\/a>), sube el mismo archivo pdf que se descarga.<\/li>\n<\/ol>\n<p>&nbsp;<\/p>\n<ol start=\"7\">\n<li style=\"text-align: justify;\"><span style=\"color: #2ea3f2;\">Constancia de vigencia de derechos del IMSS<\/span>, descarga la m\u00e1s reciente a la fecha de inscripci\u00f3n y sube el mismo archivo. Aseg\u00farate de que te hayan dado de baja de tu escuela anterior, si no es as\u00ed, debes acudir a solicitar la baja lo m\u00e1s pronto posible.<\/li>\n<\/ol>\n<p style=\"line-height: 1.6; padding-left: 40px; text-align: justify;\">Esta constancia nos da informaci\u00f3n actual para poder darte de alta en el IMSS. Desc\u00e1rgala desde el link <a href=\"https:\/\/serviciosdigitales.imss.gob.mx\/gestionAsegurados-web-externo\/vigencia\">https:\/\/serviciosdigitales.imss.gob.mx\/gestionAsegurados-web-externo\/vigencia<\/a><\/p>\n<p style=\"line-height: 1.6; padding-left: 40px; text-align: justify;\">Si no puedes descargar la constancia de vigencia, busca la constancia de No Derechohabiencia. Desc\u00e1rgala desde el link <a href=\"https:\/\/www.imss.gob.mx\/constancia-no-derechohabiencia\">https:\/\/www.imss.gob.mx\/constancia-no-derechohabiencia<\/a><\/p>\n<p style=\"line-height: 1.6; padding-left: 40px; text-align: justify;\">En el caso de no requerir el seguro facultativo (IMSS), debido a tu trabajo o a que ya tienes servicio m\u00e9dico por tu familia, debes escribir con tinta azul en la parte posterior de la primera hoja \u00ab<strong>Solicitud de NO alta en el seguro facultativo<\/strong>\u00bb y el motivo al momento de la inscripci\u00f3n, nombre completo, fecha y firma.<\/p>\n<p>&nbsp;<\/p>\n<ol start=\"8\">\n<li><span style=\"color: #2ea3f2;\"><a href=\"https:\/\/roque.tecnm.mx\/wp-content\/uploads\/2025\/07\/Carta-compromiso-firma-RRL.pdf\" style=\"color: #2ea3f2;\">Carta compromiso<\/a><\/span> (Original) (Da clic en: <a href=\"https:\/\/roque.tecnm.mx\/wp-content\/uploads\/2025\/07\/Carta-compromiso-firma-RRL.pdf\"><span style=\"color: #0c71c3;\"><span style=\"color: #2ea3f2;\">Carta compromiso<\/span><\/span><\/a>, descarga el formato, impr\u00edmelo, ll\u00e9nalo con pluma tinta azul y escanea con esc\u00e1ner).<\/li>\n<\/ol>\n<p>&nbsp;<\/p>\n<ol start=\"9\">\n<li style=\"text-align: justify;\"><a href=\"https:\/\/roque.tecnm.mx\/wp-content\/uploads\/2025\/06\/TNMR-AC-PO-001-04-Carta-consentimiento-para-tratamiento-de-datos-personales.pdf\"><span style=\"color: #0c71c3;\"><span style=\"color: #2ea3f2;\">Carta de Consentimiento para tratamiento de Datos Personales<\/span><\/span><\/a> (Original)\u00a0(Da clic en:\u00a0<span style=\"color: #2ea3f2;\"><a href=\"https:\/\/roque.tecnm.mx\/wp-content\/uploads\/2025\/06\/TNMR-AC-PO-001-04-Carta-consentimiento-para-tratamiento-de-datos-personales.pdf\" style=\"color: #2ea3f2;\">Carta de Consentimiento para tratamiento de Datos Personales<\/a><\/span>, descarga el formato, impr\u00edmelo, ll\u00e9nalo con pluma tinta azul y escanea con esc\u00e1ner).<\/li>\n<\/ol>\n<p>&nbsp;<\/p>\n<ol start=\"10\">\n<li style=\"text-align: justify;\"><span style=\"color: #2ea3f2;\">Certificado M\u00e9dico de preferencia de cruz roja<\/span>, Detalles espec\u00edficos que debe contener:<\/li>\n<\/ol>\n<p style=\"text-align: justify; line-height: 1.6;\">Datos del estudiante: Nombre completo, Edad y sexo., N\u00famero de identificaci\u00f3n (si aplica).<\/p>\n<p style=\"text-align: justify; line-height: 1.6;\">Datos de la instituci\u00f3n: Hoja membretada de la instituci\u00f3n que emite el certificado, nombre y datos de contacto de la instituci\u00f3n.<\/p>\n<p style=\"text-align: justify; line-height: 1.6;\">Datos del m\u00e9dico: Nombre completo del m\u00e9dico, Firma y sello del m\u00e9dico, n\u00famero de c\u00e9dula profesional.<\/p>\n<p style=\"text-align: justify; line-height: 1.6;\">Informaci\u00f3n m\u00e9dica: Diagn\u00f3stico del estado general de salud del estudiante, descripci\u00f3n de cualquier condici\u00f3n m\u00e9dica relevante, indicaci\u00f3n de si el estudiante es apto para realizar actividades acad\u00e9micas y deportivas. Tipo sangu\u00edneo.<\/p>\n<p style=\"text-align: justify; line-height: 1.6;\">Informaci\u00f3n de la emisi\u00f3n: Fecha de expedici\u00f3n, lugar de expedici\u00f3n.<\/p>\n<p>&nbsp;<\/p>\n<p style=\"text-align: justify; line-height: 1.6;\">11. Constancia SUREDSU, Solo para los nacidos en el estado de Guanajuato, ingresa al link <a href=\"https:\/\/suredsu.guanajuato.gob.mx\/\">https:\/\/suredsu.guanajuato.gob.mx\/<\/a> y realiza el tr\u00e1mite para obt\u00e9n tu comprobante SUREDSU o consulta el que hayas obtenido previamente. Te compartimos el enlace a un video de c\u00f3mo obtener tu comprobante SUREDSU <a href=\"https:\/\/www.youtube.com\/watch?v=r4E1UQ9cM28\">https:\/\/www.youtube.com\/watch?v=r4E1UQ9cM28<\/a><\/p>\n<p>\ud83d\udeab Para que te puedas inscribir tu documentaci\u00f3n debe estar completa y validada.<\/p>\n<p>&nbsp;<\/p>\n<p><strong><span style=\"color: #e02b20;\">\ud83d\udd39 <span style=\"color: #0c71c3;\">PASO 6: Inscripci\u00f3n Presencial, entrega de documentos para generar expediente f\u00edsico.<\/span><\/span><\/strong><\/p>\n<p style=\"text-align: justify; line-height: 1.6;\"><strong>\ud83d\udcc6<\/strong><\/p>\n<p>Debes solicitar cita en el CETECH, en el m\u00f3dulo de citas, puedes consultar la gu\u00eda para obtener<\/p>\n<p>citas haciendo <a href=\"https:\/\/github.com\/iaestrada123-wq\/wp-pub\/raw\/main\/Guia%20para%20generar%20cita.pdf\">clic aqu\u00ed<\/a>.\u00a0Tenemos citas disponibles el mi\u00e9rcoles 21 y jueves 22 de enero de 2026<\/p>\n<p>en horario de 9 a 13 horas, \u00fanicamente los alumnos de modalidad escolarizada y no<\/p>\n<p>escolarizada podr\u00e1n inscribirse con cita, los de la modalidad mixta tienen su inscripci\u00f3n el<\/p>\n<p>s\u00e1bado 17 a las 8:00 am.<\/p>\n<p>Solo estaremos recibiendo tus documentos en el horario especificado en tu cita, deber\u00e1s estar<\/p>\n<p>en el Tecnol\u00f3gico 15 minutos antes de tu cita.<\/p>\n<p style=\"line-height: 1.6; text-align: left;\"><span style=\"color: #e02b20;\"><strong><span data-olk-copy-source=\"MessageBody\">Lleva los mismos documentos que subiste en digital, en este orden y dentro de un folder color crema.<\/span><\/strong><\/span><\/p>\n<p><span style=\"color: #0c71c3;\"><strong><\/strong><\/span><\/p>\n<p><span style=\"color: #0c71c3;\"><strong>El d\u00eda que entregues documentos tomaremos la foto para tu credencial:<\/strong><\/span><\/p>\n<p>La foto es sin aretes en el rostro, sin gorra o sombrero, con el rostro bien despejado.<\/p>\n<p>&nbsp;<\/p>\n<p><strong>\u26a0\ufe0f <span style=\"color: #e02b20;\">RECUERDA LLEVAR TUS COPIAS. En el plantel no hay servicio de fotocopiado.<\/span><\/strong><\/p>\n<p>&nbsp;<\/p>\n<p>&nbsp;<\/p>\n<p><strong>\u2705 <span style=\"color: #0c71c3;\">CARGA ACAD\u00c9MICA<\/span><\/strong><\/p>\n<p style=\"text-align: justify; line-height: 1.6;\">El d\u00eda que entregues tu expediente en f\u00edsico deber\u00e1s pasar a las oficinas de la divisi\u00f3n de estudios profesionales para verificar tu carga acad\u00e9mica.<\/p>\n<p style=\"text-align: justify; line-height: 1.6;\"><strong>\u2705 <span style=\"color: #0c71c3;\">CURSO DE INDUCCI\u00d3N<\/span><\/strong><strong><span style=\"color: #0c71c3;\"><\/span><\/strong><\/p>\n<p>17 de enero para modalidad mixta, 9:00 am<\/p>\n<p>19,20 y 23 de enero para modalidad escolarizada \u00a09:00 am<\/p>\n<p>&nbsp;<\/p>\n<p style=\"text-align: justify; line-height: 1.6;\"><strong>\u2705<span style=\"color: #0c71c3;\"> INICIO DE CURSOS: MODALIDAD MIXTA 24 DE ENERO Y MODALIDAD ESCOLARIZADA 26 DE ENERO<\/span><\/strong><\/p>\n<p><strong>\u2705 <span style=\"color: #0c71c3;\">RECOMENDACIONES FINALES<\/span><\/strong><\/p>\n<ul>\n<li>No dejes tu proceso para el \u00faltimo d\u00eda.<\/li>\n<li>Lee bien cada instrucci\u00f3n.<\/li>\n<li>Cuida el orden y presentaci\u00f3n de tus documentos.<\/li>\n<\/ul>\n<p>\u00a1Te esperamos con entusiasmo en esta nueva etapa!<\/p>\n<p>&nbsp;<\/p>\n<p>[\/et_pb_text][\/et_pb_column][\/et_pb_row][\/et_pb_section][et_pb_section fb_built=\u00bb1&#8243; _builder_version=\u00bb4.27.0&#8243; _module_preset=\u00bbdefault\u00bb global_colors_info=\u00bb{}\u00bb][\/et_pb_section]<\/p>\n","protected":false},"excerpt":{"rendered":"<p>El Instituto Tecnol\u00f3gico De Roque reconoce y valora tu inter\u00e9s al integrarte a nuestra comunidad acad\u00e9mica. &nbsp; &nbsp; \ud83d\udccb Gu\u00eda r\u00e1pida y clara para tu inscripci\u00f3n de nuevo ingreso. Sabemos que hay mucha informaci\u00f3n, pero no te preocupes, aqu\u00ed te la presentamos paso a paso, de forma clara y sencilla. Lee con atenci\u00f3n, haz cada [&hellip;]<\/p>\n","protected":false},"author":1,"featured_media":0,"parent":0,"menu_order":0,"comment_status":"closed","ping_status":"closed","template":"","meta":{"_et_pb_use_builder":"on","_et_pb_old_content":"","_et_gb_content_width":"","footnotes":""},"class_list":["post-9716","page","type-page","status-publish","hentry"],"_links":{"self":[{"href":"https:\/\/roque.tecnm.mx\/index.php?rest_route=\/wp\/v2\/pages\/9716"}],"collection":[{"href":"https:\/\/roque.tecnm.mx\/index.php?rest_route=\/wp\/v2\/pages"}],"about":[{"href":"https:\/\/roque.tecnm.mx\/index.php?rest_route=\/wp\/v2\/types\/page"}],"author":[{"embeddable":true,"href":"https:\/\/roque.tecnm.mx\/index.php?rest_route=\/wp\/v2\/users\/1"}],"replies":[{"embeddable":true,"href":"https:\/\/roque.tecnm.mx\/index.php?rest_route=%2Fwp%2Fv2%2Fcomments&post=9716"}],"version-history":[{"count":104,"href":"https:\/\/roque.tecnm.mx\/index.php?rest_route=\/wp\/v2\/pages\/9716\/revisions"}],"predecessor-version":[{"id":10530,"href":"https:\/\/roque.tecnm.mx\/index.php?rest_route=\/wp\/v2\/pages\/9716\/revisions\/10530"}],"wp:attachment":[{"href":"https:\/\/roque.tecnm.mx\/index.php?rest_route=%2Fwp%2Fv2%2Fmedia&parent=9716"}],"curies":[{"name":"wp","href":"https:\/\/api.w.org\/{rel}","templated":true}]}}